{"id":117,"date":"2025-09-23T16:06:58","date_gmt":"2025-09-23T16:06:58","guid":{"rendered":"https:\/\/www.eventlogistikcrew.de\/?page_id=117"},"modified":"2025-09-23T16:06:58","modified_gmt":"2025-09-23T16:06:58","slug":"impressum","status":"publish","type":"page","link":"https:\/\/www.eventlogistikcrew.de\/index.php\/impressum\/","title":{"rendered":"Impressum"},"content":{"rendered":"<p>[et_pb_section fb_built=&#8220;1&#8243; _builder_version=&#8220;4.27.4&#8243; _module_preset=&#8220;default&#8220; global_colors_info=&#8220;{}&#8220;][et_pb_row _builder_version=&#8220;4.27.4&#8243; _module_preset=&#8220;default&#8220; custom_padding=&#8220;||0px|||&#8220; global_colors_info=&#8220;{}&#8220;][et_pb_column type=&#8220;4_4&#8243; _builder_version=&#8220;4.27.4&#8243; _module_preset=&#8220;default&#8220; global_colors_info=&#8220;{}&#8220;][et_pb_text _builder_version=&#8220;4.27.4&#8243; _module_preset=&#8220;default&#8220; custom_padding=&#8220;||0px|||&#8220; global_colors_info=&#8220;{}&#8220;]<\/p>\n<p>&nbsp;<\/p>\n<p class=\"p1\"><b>Impressum<\/b><\/p>\n<p class=\"p2\">Event Logistik Crew GmbH<\/p>\n<p class=\"p2\">Dorfstra\u00dfe 6<\/p>\n<p class=\"p2\">39291 M\u00f6ckern OT B\u00fcden<\/p>\n<p class=\"p2\">Handelsregister: 19354<\/p>\n<p class=\"p2\">Registergericht: Stendal<\/p>\n<p class=\"p2\">Vertreten durch:<\/p>\n<p class=\"p2\">Katrin Darius<\/p>\n<p class=\"p2\">Vorsitzender des Aufsichtsrats:<\/p>\n<p class=\"p2\">Katrin Darius<\/p>\n<p class=\"p3\"><b>Kontakt<\/b><\/p>\n<p class=\"p2\">Telefon: 015162962665<\/p>\n<p class=\"p2\">Telefax: 039224974169<\/p>\n<p class=\"p2\">E-Mail: info@eventlogistikcrew.de<\/p>\n<p class=\"p3\"><b>Umsatzsteuer-ID<\/b><\/p>\n<p class=\"p2\">Umsatzsteuer-Identifikationsnummer gem\u00e4\u00df \u00a7 27 a Umsatzsteuergesetz:<\/p>\n<p class=\"p2\">DE288965618<\/p>\n<p class=\"p3\"><b>Aufsichtsbeh\u00f6rde<\/b><\/p>\n<p class=\"p2\">Landkreis Jerichower Land &#8211; FB Ordnung &#8211; SG Allgemeine Ordnungsaufgaben<\/p>\n<p class=\"p2\">In der Alten Kaserne 9<\/p>\n<p class=\"p2\">39288 Burg<\/p>\n<p class=\"p4\">http:\/\/www.ikjl.de<\/p>\n<p class=\"p3\"><b>Berufsbezeichnung und berufsrechtliche Regelungen<\/b><\/p>\n<p class=\"p2\">Berufsbezeichnung:<\/p>\n<p class=\"p3\"><span class=\"s1\">Transportunternehmen<\/span><b>Redaktionell verantwortlich<\/b><\/p>\n<p class=\"p2\">Event Logistik Crew GmbH<\/p>\n<p class=\"p2\">Katrin Darius<\/p>\n<p class=\"p2\">Dorfstra\u00dfe 6<\/p>\n<p class=\"p2\">39291 B\u00fcden<\/p>\n<p class=\"p3\"><b>Verbraucherstreitbeilegung\/Universalschlichtungsstelle<\/b><\/p>\n<p class=\"p2\">Wir sind nicht bereit oder verpflichtet, an Streitbeilegungsverfahren vor einer<\/p>\n<p class=\"p2\">Verbraucherschlichtungsstelle teilzunehmen.<\/p>\n<p>[\/et_pb_text][\/et_pb_column][\/et_pb_row][\/et_pb_section]<\/p>\n","protected":false},"excerpt":{"rendered":"<p>&nbsp; Impressum Event Logistik Crew GmbH Dorfstra\u00dfe 6 39291 M\u00f6ckern OT B\u00fcden Handelsregister: 19354 Registergericht: Stendal Vertreten durch: Katrin Darius Vorsitzender des Aufsichtsrats: Katrin Darius Kontakt Telefon: 015162962665 Telefax: 039224974169 E-Mail: info@eventlogistikcrew.de Umsatzsteuer-ID Umsatzsteuer-Identifikationsnummer gem\u00e4\u00df \u00a7 27 a Umsatzsteuergesetz: DE288965618 Aufsichtsbeh\u00f6rde Landkreis Jerichower Land &#8211; FB Ordnung &#8211; SG Allgemeine Ordnungsaufgaben In der Alten Kaserne [&hellip;]<\/p>\n","protected":false},"author":1,"featured_media":0,"parent":0,"menu_order":0,"comment_status":"closed","ping_status":"closed","template":"","meta":{"_et_pb_use_builder":"on","_et_pb_old_content":"","_et_gb_content_width":"","footnotes":""},"class_list":["post-117","page","type-page","status-publish","hentry"],"_links":{"self":[{"href":"https:\/\/www.eventlogistikcrew.de\/index.php\/wp-json\/wp\/v2\/pages\/117","targetHints":{"allow":["GET"]}}],"collection":[{"href":"https:\/\/www.eventlogistikcrew.de\/index.php\/wp-json\/wp\/v2\/pages"}],"about":[{"href":"https:\/\/www.eventlogistikcrew.de\/index.php\/wp-json\/wp\/v2\/types\/page"}],"author":[{"embeddable":true,"href":"https:\/\/www.eventlogistikcrew.de\/index.php\/wp-json\/wp\/v2\/users\/1"}],"replies":[{"embeddable":true,"href":"https:\/\/www.eventlogistikcrew.de\/index.php\/wp-json\/wp\/v2\/comments?post=117"}],"version-history":[{"count":3,"href":"https:\/\/www.eventlogistikcrew.de\/index.php\/wp-json\/wp\/v2\/pages\/117\/revisions"}],"predecessor-version":[{"id":121,"href":"https:\/\/www.eventlogistikcrew.de\/index.php\/wp-json\/wp\/v2\/pages\/117\/revisions\/121"}],"wp:attachment":[{"href":"https:\/\/www.eventlogistikcrew.de\/index.php\/wp-json\/wp\/v2\/media?parent=117"}],"curies":[{"name":"wp","href":"https:\/\/api.w.org\/{rel}","templated":true}]}}